29
What are the prime factors of 1509171?
3, 43, 11699
What are the prime factors of 93715?
5, 18743
What are the prime factors of 5445608?
2, 7, 47, 2069
What are the prime factors of 1363311?
3, 16831
List the prime factors of 4733695.
5, 53, 17863
What are the prime factors of 25925426?
2, 59, 219707
What are the prime factors of 177789?
3, 59263
List the prime factors of 2155734.
2, 3, 7, 1901
List the prime factors of 2051518.
2, 7, 29, 31, 163
List the prime factors of 4214243.
11, 383113
List the prime factors of 47225.
5, 1889
List the prime factors of 66227.
7, 9461
What are the prime factors of 715566?
2, 3, 239, 499
List the prime factors of 74709.
3, 2767
What are the prime factors of 9476664?
2, 3, 394861
List the prime factors of 92296.
2, 83, 139
List the prime factors of 34423.
29, 1187
What are the prime factors of 6540662?
2, 71, 46061
List the prime factors of 125890.
2, 5, 12589
List the prime factors of 12071755.
5, 137, 17623
List the prime factors of 271344.
2, 3, 5653
List the prime factors of 1911139.
23, 83093
What are the prime factors of 76498?
2, 23, 1663
What are the prime factors of 200090?
2, 5, 11, 17, 107
What are the prime factors of 5216029?
7, 13, 31, 43
What are the prime factors of 229015?
5, 163, 281
List the prime factors of 303409.
303409
List the prime factors of 38140.
2, 5, 1907
What are the prime factors of 146953?
146953
What are the prime factors of 1826477?
1826477
What are the prime factors of 2468833?
223, 11071
What are the prime factors of 157261?
13, 12097
What are the prime factors of 1558234?
2, 43, 18119
List the prime factors of 95389.
7, 13627
List the prime factors of 481354.
2, 240677
List the prime factors of 8565064.
2, 41, 26113
List the prime factors of 2453539.
11, 223049
What are the prime factors of 811117?
61, 13297
List the prime factors of 465232.
2, 29077
What are the prime factors of 205366?
2, 7, 14669
List the prime factors of 211022.
2, 7, 15073
List the prime factors of 3287888.
2, 205493
What are the prime factors of 17454618?
2, 3, 101, 9601
What are the prime factors of 62894?
2, 13, 41, 59
List the prime factors of 559579.
163, 3433
What are the prime factors of 714831?
3, 13, 18329
What are the prime factors of 1757704?
2, 13, 16901
List the prime factors of 643491.
3, 23833
List the prime factors of 1170131.
1170131
List the prime factors of 850873.
41, 20753
What are the prime factors of 3233176?
2, 31, 13037
List the prime factors of 5111350.
2, 5, 151, 677
What are the prime factors of 186991?
7, 26713
What are the prime factors of 373404?
2, 3, 29, 37
What are the prime factors of 4397508?
2, 3, 23, 47, 113
List the prime factors of 314639.
13, 24203
What are the prime factors of 27561?
3, 9187
List the prime factors of 8686292.
2, 127, 17099
List the prime factors of 669791.
669791
What are the prime factors of 5799127?
83, 109, 641
List the prime factors of 6134144.
2, 17, 2819
What are the prime factors of 151056?
2, 3, 1049
What are the prime factors of 416971?
43, 9697
List the prime factors of 684771.
3, 228257
What are the prime factors of 198475?
5, 17, 467
List the prime factors of 187598.
2, 97, 967
What are the prime factors of 252817?
252817
List the prime factors of 4674644.
2, 13, 89897
List the prime factors of 1645454.
2, 822727
What are the prime factors of 361221?
3, 7, 103, 167
What are the prime factors of 3012103?
23, 173, 757
What are the prime factors of 584814?
2, 3, 29, 3361
List the prime factors of 94957.
269, 353
What are the prime factors of 1004150?
2, 5, 7, 19, 151
What are the prime factors of 238455?
3, 5, 7, 757
List the prime factors of 29344707.
3, 7, 139, 1117
What are the prime factors of 2236400?
2, 5, 5591
What are the prime factors of 244098?
2, 3, 71, 191
What are the prime factors of 2293039?
7, 31, 10567
What are the prime factors of 967877?
967877
What are the prime factors of 17031023?
467, 36469
List the prime factors of 362883.
3, 73, 1657
List the prime factors of 93278.
2, 46639
What are the prime factors of 712929?
3, 7, 17, 1997
What are the prime factors of 234196?
2, 58549
What are the prime factors of 475898?
2, 17, 13997
What are the prime factors of 159152?
2, 7, 29
What are the prime factors of 164387?
164387
List the prime factors of 7992428.
2, 1998107
List the prime factors of 1126942.
2, 463, 1217
List the prime factors of 22493131.
19, 109, 10861
What are the prime factors of 869647?
601, 1447
What are the prime factors of 2763775?
5, 7, 17, 929
List the prime factors of 33294826.
2, 16647413
List the prime factors of 3284340.
2, 3, 5, 19, 43, 67
What are the prime factors of 675496?
2, 84437
What are the prime factors of 452408?
2, 11, 53, 97
What are the prime factors of 152028?
2, 3, 41, 103
What are the prime factors of 2008924?
2, 17, 31, 953
List the prime factors of 633325.
5, 7, 11, 47
What are the prime factors of 7794936?
2, 3, 108263
What are the prime factors of 1823801?
7, 260543
List the prime factors of 148457.
148457
What are the prime factors of 122028?
2, 3, 10169
What are the prime factors of 483033?
3, 59, 2729
What are the prime factors of 8963520?
2, 3, 5, 9337
List the prime factors of 145934.
2, 131, 557
List the prime factors of 1392265.
5, 7, 39779
What are the prime factors of 1377227?
197, 6991
List the prime factors of 40061.
7, 59, 97
List the prime factors of 550626.
2, 3, 91771
What are the prime factors of 2011924?
2, 151, 3331
What are the prime factors of 245068?
2, 197, 311
What are the prime factors of 2251326?
2, 3, 7, 11, 443
List the prime factors of 191457.
3, 7, 1013
What are the prime factors of 788858?
2, 7, 29, 67
List the prime factors of 336508.
2, 84127
List the prime factors of 3474622.
2, 1737311
What are the prime factors of 176657?
13, 107, 127
What are the prime factors of 1564452?
2, 3, 43457
List the prime factors of 1507620.
2, 3, 5, 25127
List the prime factors of 374329.
37, 67, 151
What are the prime factors of 40578?
2, 3, 6763
List the prime factors of 22643626.
2, 17, 293, 2273
What are the prime factors of 194680?
2, 5, 31, 157
List the prime factors of 290272.
2, 47, 193
What are the prime factors of 867122?
2, 19, 1201
List the prime factors of 8072261.
43, 347, 541
What are the prime factors of 3476228?
2, 7, 17, 67, 109
What are the prime factors of 6604327?
43, 153589
List the prime factors of 194859.
3, 7, 1031
What are the prime factors of 19173444?
2, 3, 23, 127, 547
What are the prime factors of 5155008?
2, 3, 26849
List the prime factors of 237495.
3, 5, 71, 223
List the prime factors of 58495.
5, 11699
What are the prime factors of 5289943?
41, 129023
List the prime factors of 661347.
3, 73483
What are the prime factors of 2070771?
3, 107, 6451
What are the prime factors of 13329229?
13329229
List the prime factors of 21655516.
2, 19, 107, 2663
List the prime factors of 7313207.
11, 139, 4783
List the prime factors of 17957417.
59, 304363
List the prime factors of 2882063.
181, 15923
List the prime factors of 135126.
2, 3, 7507
List the prime factors of 2346939.
3, 7, 37253
What are the prime factors of 165787?
193, 859
What are the prime factors of 399772?
2, 17, 5879
List the prime factors of 8217147.
3, 2739049
List the prime factors of 353847.
3, 13, 43, 211
List the prime factors of 1658487.
3, 73, 7573
What are the prime factors of 261764?
2, 31, 2111
What are the prime factors of 2008654?
2, 79, 12713
List the prime factors of 2992601.
1033, 2897
What are the prime factors of 259605?
3, 5, 641
What are the prime factors of 341085?
3, 5, 22739
List the prime factors of 1288719.
3, 17, 8423
What are the prime factors of 309826?
2, 11, 14083
List the prime factors of 3469897.
37, 191, 491
List the prime factors of 1118655.
3, 5, 24859
What are the prime factors of 2757?
3, 919
What are the prime factors of 19600098?
2, 3, 7, 163, 409
What are the prime factors of 328445?
5, 13, 31, 163
List the prime factors of 3950204.
2, 23, 42937
List the prime factors of 8738383.
8738383
What are the prime factors of 488322?
2, 3, 9043
List the prime factors of 5962048.
2, 19, 4903
What are the prime factors of 3650838?
2, 3, 83, 7331
List the prime factors of 9302684.
2, 2325671
List the prime factors of 16437.
3, 5479
List th